 0 (base 7) to base 8.
0
Convert -4c (base 15) to base 2.
-1001000
Convert -38 (base 9) to base 5.
-120
-355 (base 7) to base 3
-20221
What is 1 (base 9) in base 7?
1
What is 3 (base 13) in base 6?
3
-101001 (base 2) to base 5
-131
What is -101110 (base 2) in base 9?
-51
What is 1 (base 3) in base 6?
1
Convert 59 (base 11) to base 5.
224
30 (base 11) to base 10
33
Convert -2 (base 7) to base 13.
-2
What is -1a (base 13) in base 5?
-43
3 (base 13) to base 12
3
-2 (base 15) to base 9
-2
What is 0 (base 16) in base 5?
0
Convert -48 (base 15) to base 10.
-68
-4 (base 13) to base 14
-4
0 (base 3) to base 4
0
What is 1022 (base 3) in base 7?
50
Convert -13 (base 11) to base 12.
-12
Convert -62 (base 13) to base 9.
-88
Convert -3 (base 9) to base 3.
-10
-3 (base 4) to base 7
-3
3 (base 5) to base 4
3
What is 2 (base 11) in base 2?
10
Convert 16 (base 9) to base 3.
120
-1 (base 4) to base 16
-1
What is 2 (base 7) in base 4?
2
Convert 5 (base 6) to base 3.
12
Convert -4 (base 12) to base 14.
-4
Convert 4 (base 8) to base 4.
10
Convert -3 (base 6) to base 15.
-3
What is 52 (base 7) in base 2?
100101
What is -4 (base 14) in base 11?
-4
Convert 16 (base 14) to base 2.
10100
What is -6 (base 16) in base 7?
-6
3b (base 14) to base 9
58
Convert 2 (base 15) to base 5.
2
What is 120 (base 6) in base 13?
39
Convert 231 (base 4) to base 15.
30
What is -12 (base 5) in base 10?
-7
-1 (base 9) to base 11
-1
-55 (base 6) to base 13
-29
9a (base 14) to base 5
1021
What is -110 (base 4) in base 10?
-20
Convert 13 (base 7) to base 9.
11
-2 (base 7) to base 6
-2
Convert -132 (base 4) to base 14.
-22
Convert 50 (base 16) to base 11.
73
-1 (base 16) to base 12
-1
Convert -13 (base 12) to base 10.
-15
Convert 4 (base 15) to base 10.
4
What is 5 (base 8) in base 12?
5
53 (base 9) to base 14
36
What is 12 (base 15) in base 3?
122
What is -6 (base 13) in base 10?
-6
-47 (base 14) to base 12
-53
Convert 22 (base 11) to base 15.
19
What is 116 (base 8) in base 13?
60
Convert d (base 15) to base 16.
d
What is -2 (base 5) in base 9?
-2
5 (base 6) to base 8
5
What is 11 (base 10) in base 4?
23
What is -1 (base 7) in base 10?
-1
-2 (base 4) to base 8
-2
120 (base 5) to base 12
2b
Convert 2021 (base 3) to base 9.
67
7a (base 13) to base 5
401
What is 10 (base 12) in base 4?
30
Convert 5e (base 16) to base 10.
94
Convert -78 (base 9) to base 6.
-155
Convert -f (base 16) to base 4.
-33
-1311 (base 5) to base 10
-206
Convert 112 (base 6) to base 12.
38
20 (base 4) to base 5
13
8 (base 11) to base 10
8
Convert 11 (base 2) to base 8.
3
-4 (base 7) to base 8
-4
Convert b (base 14) to base 4.
23
-5 (base 9) to base 5
-10
Convert -28 (base 16) to base 13.
-31
What is -12 (base 6) in base 7?
-11
2 (base 16) to base 4
2
-6 (base 10) to base 8
-6
What is 1 (base 8) in base 14?
1
-2 (base 6) to base 13
-2
What is 6 (base 14) in base 3?
20
Convert 101 (base 4) to base 5.
32
100110 (base 2) to base 7
53
What is -1 (base 2) in base 12?
-1
What is -11 (base 11) in base 3?
-110
What is -3103 (base 4) in base 6?
-551
Convert -88 (base 9) to base 12.
-68
Convert 101 (base 4) to base 11.
16
What is 11010 (base 2) in base 8?
32
d8 (base 15) to base 12
14b
Convert 25 (base 10) to base 7.
34
What is -6 (base 16) in base 6?
-10
73 (base 10) to base 3
2201
Convert -303 (base 6) to base 14.
-7d
What is 13 (base 13) in base 8?
20
What is 221 (base 9) in base 15?
c1
What is 25 (base 13) in base 14?
23
-214 (base 7) to base 13
-85
-4 (base 11) to base 14
-4
What is -10 (base 2) in base 12?
-2
What is 0 (base 9) in base 15?
0
Convert 1020 (base 4) to base 11.
66
-301 (base 7) to base 3
-12111
0 (base 15) to base 6
0
What is -1 (base 12) in base 3?
-1
What is 15 (base 9) in base 13?
11
-2e (base 15) to base 14
-32
What is -14 (base 15) in base 16?
-13
Convert 59 (base 10) to base 9.
65
-1 (base 16) to base 13
-1
What is 40 (base 15) in base 10?
60
What is 0 (base 14) in base 7?
0
What is 340 (base 6) in base 15?
8c
-120 (base 3) to base 16
-f
1202 (base 3) to base 15
32
Convert -1202 (base 4) to base 12.
-82
Convert -1001011 (base 2) to base 15.
-50
What is -21 (base 4) in base 11?
-9
Convert -12122 (base 3) to base 4.
-2120
What is -2 (base 12) in base 10?
-2
-20 (base 3) to base 14
-6
205 (base 6) to base 14
57
6 (base 9) to base 6
10
Convert 1 (base 13) to base 8.
1
Convert -24 (base 6) to base 4.
-100
Convert 12 (base 3) to base 11.
5
Convert -1 (base 8) to base 15.
-1
What is -72 (base 10) in base 11?
-66
-142 (base 8) to base 9
-118
5 (base 12) to base 2
101
-100 (base 2) to base 13
-4
What is -a1 (base 16) in base 4?
-2201
-10 (base 5) to base 12
-5
-3 (base 12) to base 14
-3
What is -2102 (base 4) in base 5?
-1041
-11 (base 12) to base 2
-1101
What is 4 (base 6) in base 2?
100
-10 (base 2) to base 9
-2
Convert -3 (base 8) to base 6.
-3
What is -6 (base 15) in base 13?
-6
Convert -3 (base 8) to base 5.
-3
-18 (base 9) to base 2
-10001
Convert -5 (base 11) to base 13.
-5
Convert 27 (base 8) to base 10.
23
14 (base 15) to base 14
15
What is 2 (base 8) in base 13?
2
-3 (base 12) to base 8
-3
-2 (base 7) to base 15
-2
Convert -21 (base 5) to base 7.
-14
100 (base 2) to base 14
4
-4 (base 16) to base 9
-4
Convert 34 (base 13) to base 6.
111
1 (base 10) to base 3
1
What is -1 (base 15) in base 2?
-1
-112 (base 3) to base 7
-20
Convert -2 (base 11) to base 12.
-2
Convert -222 (base 3) to base 15.
-1b
What is 201 (base 5) in base 13?
3c
Convert -6 (base 15) to base 10.
-6
Convert 205 (base 8) to base 13.
a3
What is -15 (base 13) in base 8?
-22
1 (base 4) to base 10
1
28 (base 13) to base 5
114
Convert 110 (base 3) to base 16.
c
What is -55 (base 11) in base 16?
-3c
Convert 8 (base 11) to base 5.
13
What is -29 (base 11) in base 14?
-23
What is c6 (base 13) in base 9?
200
What is 70 (base 14) in base 5?
343
Convert 19 (base 10) to base 11.
18
What is 31 (base 8) in base 3?
221
0 (base 10) to base 13
0
-8 (base 13) to base 5
-13
What is 148 (base 15) in base 8?
445
What is 20 (base 6) in base 3?
110
108 (base 9) to base 7
155
Convert 1 (base 5) to base 14.
1
What is -134 (base 12) in base 15?
-c4
What is 3 (base 14) in base 4?
3
What is 2 (base 9) in base 6?
2
Convert 7 (base 11) to base 10.
7
Convert 131 (base 4) to base 5.
104
3 (base 12) to base 16
3
Convert -10 (base 5) to base 11.
-5
Convert 0 (base 15) to base 11.
0
What is 2b (base 16) in base 3?
1121
0 (base 3) to base 4
0
Convert -13 (base 4) to base 14.
-7
What is -b9 (base 16) in base 4?
-2321
40 (base 13) to base 2
110100
What is -1d (base 16) in base 7?
-41
10110001 (base 2) to base 13
108
Convert 17 (base 15) to base 16.
16
215 (base 6) to base 13
65
Convert 36 (base 13) to base 6.
113
Convert -6 (base 14) to base 9.
-6
3 (base 4) to base 3
10
What is -3 (base 8) in base 14?
-3
1 (base 7) to base 3
1
What is 1041 (base 5) in base 8?
222
-11 (base 2) to base 6
-3
Convert 3 (base 10) to base 15.
3
Convert 3 (base 4) to base 16.
3
Convert -31 (base 4) to base 10.
-13
What is -33 (base 7) in base 9?
-26
What is -1 (base 2) in base 8?
-1
Convert 1 (base 12) to base 8.
1
53 (base 14) to base 7
133
Convert -321 (base 5) to base 10.
-86
What is -9 (base 14) in base 4?
-21
What is -ca (base 13) in base 8?
-246
Convert -78 (base 14) to base 7.
-211
-2 (base 5) to base 4
-2
What is 18 (base 14) in base 2?
10110
Convert -9 (base 12) to base 9.
-10
Convert 4 (base 15) to base 2.
100
Convert 6 (base 12) to base 10.
6
-59 (base 15) to base 10
-84
What is 121 (base 4) in base 14?
1b
What is 36 (base 8) in base 11?
28
a (base 11) to base 15
a
Convert 16 (base 7) to base 8.
15
Convert 3 (base 7) to base 14.
3
4 (base 13) to base 5
4
-34 (base 14) to base 8
-56
What is 43 (base 6) in base 4?
123
What is 1000 (base 2) in base 7?
11
104 (base 5) to base 2
11101
Convert 240 (base 6) to base 11.
88
Convert 210 (base 10) to base 6.
550
Convert -15 (base 9) to base 16.
-e
Convert 4 (base 14) to base 5.
4
What is 10010 (base 2) in base 5?
33
Convert -1 (base 7) to base 6.
-1
Convert -10 (base 11) to base 2.
-1011
14 (base 6) to base 10
10
What is 400 (base 5) in base 12?
84
105 (base 9) to base 3
10012
What is 0 (base 9) in base 11?
0
-17 (base 15) to base 6
-34
-9 (base 12) to base 6
-13
Convert -331 (base 7) to base 3.
-20021
2 (base 8) to base 7
2
Convert 2 (base 8) to 